 w?
2, 109
Let l = -1 - 3. Let c be ((-2)/6)/((-2)/456*1). What are the prime factors of ((-4)/l)/(2/c)?
2, 19
Let y = 3 + 26. Let h = y - -1. What are the prime factors of h?
2, 3, 5
Let y(a) = -6*a - 6. Let j be y(4). Let i be 18/j - (-28)/5. Suppose o + 4*o = 4*b + 232, o - i*b = 38. What are the prime factors of o?
2, 3
Let b(o) = 911*o**3 - 3*o**2 + 5*o. What are the prime factors of b(1)?
11, 83
Let z = -236 - -323. List the prime factors of z.
3, 29
Suppose -5*u + 412 = -8. Suppose -2*w - u = -372. What are the prime factors of w?
2, 3
Suppose k - 31 = -w, -4 = 2*k - 0*k. Let b = w - 30. Suppose 0 = h + b*x - 32, 2*x - 72 = -5*h + 49. What are the prime factors of h?
23
Let m(u) = u**3 - u + 123. Let x be (-15)/(-20) - 3/4. What are the prime factors of m(x)?
3, 41
Let x be -2*(-1)/(-10) + (-3063)/(-15). Suppose 240 + x = 6*n. List the prime factors of n.
2, 37
Suppose 2*x - x - 3*d + 104 = 0, -5*x - 480 = -5*d. Let a = x + 137. List the prime factors of a.
3, 5
Suppose 0 = -17*l + 4929 + 7736. List the prime factors of l.
5, 149
Suppose 2309 + 1851 = 16*r. List the prime factors of r.
2, 5, 13
List the prime factors of 28/42 - (-1898)/6.
317
Let o(l) = -l + 4. Let t be o(2). Suppose -t*b - 2*b - 4*j = -12, 2*b = -j + 3. Suppose 5*n + b = 2*s + 17, -n = 2*s - 1. What are the prime factors of n?
3
Suppose 5*a - 30 = -5*j + 4*j, -a = -5*j + 20. Let r(m) = m**3 - 2*m**2 + m - 5. List the prime factors of r(j).
3, 5
What are the prime factors of 5 + 5 + (-12)/1 + 2986?
2, 373
Suppose -7*q + 2 + 26 = 0. Suppose 648 = q*l - 4*o, -2*l - 3*o + 188 + 146 = 0. What are the prime factors of l?
2, 41
Let c(w) = w**2 + 6*w - 20. What are the prime factors of c(10)?
2, 5, 7
What are the prime factors of ((-30)/(-9))/(2/234)?
2, 3, 5, 13
Let v(a) = 5*a - 10. Suppose -3 + 9 = 2*l. Let q be v(l). Suppose -3 = -3*z - q*i, -4*z - 4*i + 0*i = -12. List the prime factors of z.
2, 3
Let t(b) = -4*b**3 - 3*b**2 - 4*b - 2. Let y be t(-1). Suppose -4*a = 3*l - 825, 2*a - y*l = 451 - 52. What are the prime factors of a?
2, 3, 17
Let w = 287 - 409. Let j = 175 + w. What are the prime factors of j?
53
Let c = 389 - -160. What are the prime factors of c?
3, 61
Suppose -w = -4*z - 1564, -w + 1594 = -34*z + 36*z. List the prime factors of w.
2, 3, 11
Let c(a) = 26*a**2 - 21*a + 28. List the prime factors of c(8).
2, 3, 127
Let u(w) = -8*w - 39. List the prime factors of u(-12).
3, 19
Suppose 1069 = 2*n - 2515. What are the prime factors of n?
2, 7
Let i(f) = -f + 1. Let t be i(-1). Suppose 0 = t*d - 207 - 133. Suppose 2*c - d = -3*c. List the prime factors of c.
2, 17
Let y(b) = -56*b + 37. What are the prime factors of y(-8)?
5, 97
Let x = -8 + 13. Suppose 2*z - 3 = 3*z, -2*z = x*r - 14. List the prime factors of (r/(-1) - -21)/1.
17
Suppose 2*h - 4*h = 0. Suppose -3*b + 85 = 5*t, h*t = 2*t - 3*b - 55. Suppose -3*c + t = -4. List the prime factors of c.
2
Suppose 8 = -2*o, v + 3*o + o - 442 = 0. What are the prime factors of v?
2, 229
Let d(o) = -13*o + 2. Let l = -18 + 18. Suppose 9*q - 5*q + 12 = l. What are the prime factors of d(q)?
41
Let l be (-25 + 3)/(2 - 0). Let v = l - -73. What are the prime factors of v?
2, 31
Let x = -10 + 14. Suppose 0 = 4*k - 5*r - x, -k - 2*r + 18 - 4 = 0. What are the prime factors of k?
2, 3
Suppose -1702 = 12*n - 6322. Let s = -238 + n. What are the prime factors of s?
3, 7
Let s = 48 + -46. Let b(m) be the third derivative of 17*m**4/24 - m**3/3 + 2*m**2. List the prime factors of b(s).
2
Let a(n) = n**2 - 3*n - 58. What are the prime factors of a(-19)?
2, 3, 5
Let h(c) = c**3 - 16*c**2 + 2*c - 2. Let z be h(16). List the prime factors of 30/4*z/25.
3
Suppose -5*u + 3*b = -0*b - 2081, 4*u - 4*b = 1668. Suppose -3*q - u = -5*g, -g + 5*g - 4*q = 332. What are the prime factors of g?
83
Suppose -4*b + 172 = 5*q, q - 206 = -5*b - 3*q. Suppose 3*w = -d + b + 18, d - w = 52. Let f = d - 31. What are the prime factors of f?
2, 11
Let m(z) be the third derivative of z**5/60 + z**4/12 - 25*z**3/6 - 5*z**2. Let g be m(0). Let p = g - -56. What are the prime factors of p?
31
Suppose 28*x = 24906 - 7826. List the prime factors of x.
2, 5, 61
Suppose 2*s + 4*t = 0, 3*s - 1 = -7*t + 2*t. Suppose -x = -s*x + 14. Suppose -n - 3*c = -x, c - 4*c = -n + 26. What are the prime factors of n?
2, 5
Let y(k) = 61*k**3 + k**2 + 8*k**3 + 34*k**3. List the prime factors of y(1).
2, 13
Suppose 0 = 2*t + 2*t + 12, 4*c - 27 = t. Suppose c*z + 43 = 109. What are the prime factors of z?
11
Suppose -2*x = -0*x - 3*f - 995, -5*x + 2435 = 3*f. What are the prime factors of x?
2, 5, 7
Suppose 0*p + 44 = -2*p. Suppose 2*u - 6 - 4 = 0, -s + 2*u - 45 = 0. Let v = p - s. What are the prime factors of v?
13
Let a = 116 + 918. Suppose 5*z - 4*h = a, 3*h - 7*h + 614 = 3*z. List the prime factors of z.
2, 103
Suppose 5*x - 84 = b, -x - 6 + 22 = -b. Let m = x - -3. List the prime factors of m.
2, 5
Let d(i) = i**2 - 29*i - 158. List the prime factors of d(61).
2, 3, 13, 23
Let d be 8/40 + ((-57)/(-5))/3. Suppose -8*b = -d*b - 32. What are the prime factors of b?
2
Let t = 5 - 7. Let a be t - (4 + -3 + -4). What are the prime factors of (-4)/4 + a + 17?
17
Suppose 5*s - 464 = -3*s. What are the prime factors of s?
2, 29
Let w(t) = -2*t**3 - 21*t**2 - t + 13. What are the prime factors of w(-12)?
457
Suppose -54*w + 2342 = -124720. What are the prime factors of w?
13, 181
Suppose 7*f + 1624 = 11*f. List the prime factors of f.
2, 7, 29
What are the prime factors of (-16)/(-24) + 236/6 + 1?
41
Let z(q) = -8*q + 6. Suppose -5*b = 4*h - 0 - 7, 5*b + h = 13. Suppose -b*o + o - 8 = 0. List the prime factors of z(o).
2, 19
Suppose o - 19 = 3*d, 12*o - 5*d - 55 = 7*o. Suppose -o = 4*p - 103. What are the prime factors of p?
2, 3
Suppose 4*h = -5*a + 9, 3*a = 1 - 10. Suppose 0 = n + 2 - h. Suppose 0 = -n*p - 2*m - 12 + 34, 0 = -p - 2*m + 4. List the prime factors of p.
2, 3
What are the prime factors of 0 + 5 - (-1135 - -27)?
3, 7, 53
Let i = 1554 - 989. What are the prime factors of i?
5, 113
Suppose 0 = -f - 2*t - 2, 3*f - 2*t - 15 + 5 = 0. Suppose i - f = 0, j + 5*i - 92 = 4*i. List the prime factors of j.
2, 3, 5
Let p = -6 - -9. Suppose l = -p*l + 16. Suppose -t - l*c + c = -21, 3*c = -2*t + 51. List the prime factors of t.
2, 3, 5
Let f(k) = 69*k**3 + 2*k**2 - 11*k + 12. List the prime factors of f(3).
2, 3, 5, 31
Suppose 4 = -2*q - 4. Let w = 15 + -28. Let l = q - w. What are the prime factors of l?
3
Let c = -72 - -74. Suppose -3*g = 2*z - 356 + 30, c*g = 0. What are the prime factors of z?
163
Let a(n) = -5*n**3 - 3*n**2 - 3*n - 1. Let q be a(-1). Suppose q*t - 11 = 1. Suppose 5*z - t*z = 42. List the prime factors of z.
3, 7
Suppose 4743 + 6835 = 14*o. List the prime factors of o.
827
Let s(r) = r**3 - 6*r + 42. List the prime factors of s(13).
2161
Suppose -15*i - r - 9482 = -20*i, -2*i + 3790 = r. What are the prime factors of i?
2, 3, 79
Let k be 1/7 + (-120)/(-42). List the prime factors of (280/(-21))/(k/(-9)).
2, 5
Let l be 4/(-14) + (-160)/28. Let f be (-3 + l/(-2))/1. Suppose 5*j = 4*n - 1, n + 2 = 2*j - f. What are the prime factors of j?
3
Let r be 4/8*-6 + 8. Suppose r*g + 0*g - 15 = 0. Suppose 3*s = -g, 2*j - 4*s = 55 + 9. List the prime factors of j.
2, 3, 5
Suppose 2*t + 6*g = 10*g + 746, -4*t + 1484 = -4*g. List the prime factors of t.
3, 41
Let a(y) = 2*y**2 - 2*y + 729. What are the prime factors of a(0)?
3
Suppose u = -5*f + 36, -u - f + 21 = f. List the prime factors of u/44 + (-1031)/(-4).
2, 3, 43
Let c be -34 + (-2)/(-1 + 3). Let d = 119 + c. List the prime factors of d.
2, 3, 7
Suppose -5*d + 2*d - 2*g = -12, -4*d + 11 = g. Let j be 1/(d - 36/20). Suppose j*t + 3*i - 24 = 133, -3*i + 125 = 4*t. What are the prime factors of t?
2
Suppose 15*s - 16*s = 0. Suppose s*m = -5*m + 50. What are the prime factors of m?
2, 5
Let i(o) = 4*o + 1. Let c be i(2). List the prime factors of (2180/(-30))/((-6)/c).
109
Suppose -474 = -3*i - 4*x, 2*i + 4*x = 354 - 42. Let n = 65 + i. What are the prime factors of n?
227
Let f(l) = l**3 + 8*l**2 - 9*l - 11. Let o be f(-5). Let z = -47 + o. What are the prime factors of z?
2, 31
Suppose 3*j = 4*g - 3*g - 10, 0 = -5*g - 2*j + 33. Let u(q) = 2*q**3 - 8*q**2 - 12*q + 14. List the prime factors of u(g).
2, 7
Suppose 3*n 